1 (base 2) to base 12
-294a621
Convert 1100011000110001010110 (base 2) to base 13.
89901b
Convert -5d4f6 (base 16) to base 14.
-9d3dc
Convert -120220323 (base 6) to base 3.
-11020201001120
Convert 2011211020122 (base 3) to base 10.
1157831
Convert 1a928 (base 12) to base 15.
b9ce
-38651 (base 16) to base 10
-230993
What is -123331431 (base 6) in base 7?
-26313433
What is -920737 (base 14) in base 13?
-1032a72
Convert -131424024 (base 5) to base 10.
-654889
Convert 235244 (base 6) to base 13.
9502
Convert 434142302 (base 5) to base 11.
10644a2
What is 1392cf (base 16) in base 8?
4711317
2c323 (base 13) to base 6
1444554
Convert 1001110100011110001 (base 2) to base 7.
2510061
What is -26938c (base 13) in base 5?
-214344343
Convert 837cb7 (base 15) to base 9.
12681011
What is 6798d (base 16) in base 6?
13032301
Convert 118a462 (base 15) to base 4.
300001222232
What is -537354 (base 8) in base 12?
-88178
What is -110000111100011000101 (base 2) in base 15?
-21a2db
Convert -11563063 (base 7) to base 5.
-231300312
What is 954989 (base 12) in base 7?
25662426
Convert 59643 (base 10) to base 14.
17a43
What is -1331213330 (base 4) in base 15?
-a26db
What is 5519159 (base 11) in base 2?
100100111101101100001001
Convert -7589 (base 12) to base 9.
-18646
Convert 166af2 (base 16) to base 13.
3c5941
Convert 4a884 (base 15) to base 9.
402637
11100011011111000 (base 2) to base 14
30636
Convert 210223011 (base 5) to base 9.
1561577
345787 (base 13) to base 7
13354222
What is -10333124 (base 6) in base 14?
-80296
-ba72 (base 16) to base 8
-135162
-1004664 (base 7) to base 13
-42438
Convert 2dbc9c (base 15) to base 3.
11011121221110
-11110100101010101 (base 2) to base 11
-86131
40a94a (base 12) to base 6
33422134
Convert 2350502 (base 10) to base 2.
1000111101110110100110
-8c1bb (base 15) to base 4
-1230313031
4a1702 (base 14) to base 11
1485024
-4110456 (base 9) to base 14
-410a57
-12210201220 (base 3) to base 11
-78934
What is 66925 (base 13) in base 7?
1403365
-3845 (base 14) to base 13
-4647
Convert -777473 (base 16) to base 2.
-11101110111010001110011
-99c57a (base 16) to base 13
-211ac71
201010120222 (base 3) to base 10
376595
1217668 (base 11) to base 16
205315
-23232123 (base 4) to base 13
-18b25
17e224e (base 15) to base 12
5a02402
What is 51962 (base 13) in base 12?
70a0b
Convert 403103223 (base 5) to base 12.
6594b6
-33202232033 (base 4) to base 16
-3e2b8f
What is 30054061 (base 7) in base 2?
1001011110011101010001
-a545d (base 15) to base 10
-524113
-30401654 (base 7) to base 11
-1484268
-1342404 (base 6) to base 2
-10010011111100100
-9474837 (base 11) to base 16
-fec6f0
What is 268806 (base 12) in base 11?
3a56a8
Convert 212647 (base 11) to base 5.
41341212
6e80e0 (base 15) to base 9
10855483
Convert -110012210122 (base 3) to base 16.
-3ab29
What is -10383a (base 11) in base 13?
-5a776
Convert 33313054 (base 6) to base 2.
11110101011000011010
-2897 (base 13) to base 15
-1b15
What is -54987 (base 12) in base 16?
-1b577
What is -975760 (base 15) in base 16?
-6df97a
Convert 42347133 (base 8) to base 14.
12b13bd
What is 22000121211 (base 3) in base 4?
212203132
What is 10136166 (base 7) in base 5?
204142313
1001000100001100 (base 2) to base 12
195a4
What is 162073 (base 8) in base 6?
1130255
-3124580 (base 9) to base 3
-10010211122200
What is -74210a (base 15) in base 9?
-11351021
Convert -113001312 (base 4) to base 9.
-153346
What is -132370 (base 10) in base 6?
-2500454
Convert -1001010001101101001 (base 2) to base 11.
-198423
Convert e242c4 (base 15) to base 5.
10222343014
Convert 210420132 (base 5) to base 13.
247589
What is -5544418 (base 10) in base 16?
-5499e2
What is 35a62 (base 12) in base 16?
11aaa
What is 26d77 (base 15) in base 10?
124537
What is -137e7d (base 16) in base 8?
-4677175
Convert 7555613 (base 8) to base 16.
1edb8b
Convert -100010110010010110000 (base 2) to base 11.
-709462
What is -345153 (base 6) in base 14?
-ab49
What is -20001014 (base 5) in base 10?
-156384
Convert -1344134242 (base 6) to base 4.
-332230211102
1210121112121 (base 3) to base 7
11063425
What is -10111110111011011 (base 2) in base 8?
-276733
Convert 1755500 (base 8) to base 13.
150482
Convert 1661340 (base 8) to base 10.
484064
-4738275 (base 9) to base 11
-14a2014
7b47f9 (base 16) to base 15
a98d38
What is -110010101000110000010 (base 2) in base 13?
-46131b
What is 451a47 (base 14) in base 12?
952a67
What is -16a1672 (base 15) in base 6?
-1344430125
Convert -1657508 (base 9) to base 7.
-10566020
28414 (base 12) to base 11
38a98
What is -2a604c (base 14) in base 11?
-919218
Convert -18217 (base 10) to base 15.
-55e7
Convert 110001110111110011010 (base 2) to base 14.
3077aa
Convert 23524435 (base 6) to base 7.
6211160
-100001221000 (base 3) to base 16
-2b977
What is -122023314 (base 5) in base 9?
-1073340
-21349 (base 11) to base 14
-b445
Convert 32130231212 (base 4) to base 12.
1327ab2
-312fc (base 16) to base 10
-201468
What is 1613927 (base 11) in base 4?
22201033303
What is 5328147 (base 10) in base 14?
9c9a5d
-60865 (base 14) to base 5
-24412103
What is 203472 (base 8) in base 4?
100130322
Convert -19f763 (base 16) to base 6.
-100250215
-209009 (base 10) to base 9
-347632
Convert 44364647 (base 8) to base 13.
1c9a708
What is -13202403 (base 5) in base 15?
-28ed8
Convert 10202362 (base 7) to base 13.
240718
What is 2416588 (base 9) in base 11?
815662
What is -111000010011101110110 (base 2) in base 7?
-21453221
What is -102521 (base 15) in base 14?
-15d89b
Convert 12463430 (base 7) to base 10.
1141721
195e9d (base 16) to base 15
22c966
Convert -1a0b18 (base 16) to base 3.
-10012201020221
What is 444398 (base 10) in base 16?
6c7ee
-244078 (base 9) to base 10
-147329
What is 645735 (base 9) in base 11?
243102
Convert 334042233 (base 5) to base 16.
167450
Convert -123243500 (base 6) to base 13.
-660b2b
What is 111110110001111010100 (base 2) in base 3?
10212111220120
-100211210 (base 4) to base 10
-67940
-1010100110111110110 (base 2) to base 16
-54df6
c56b2c (base 15) to base 12
3189120
What is 125b07 (base 14) in base 13?
191000
What is -25e48 (base 16) in base 15?
-30ec3
What is 26171423 (base 8) in base 4?
112033030103
Convert -1350131 (base 6) to base 8.
-225347
-130177 (base 8) to base 6
-545103
-5808308 (base 9) to base 10
-3135680
-462530 (base 16) to base 11
-265a908
What is 132200311 (base 5) in base 4?
2201300311
What is -75268 (base 12) in base 14?
-40276
Convert cba043 (base 14) to base 15.
915943
What is -2010122111 (base 3) in base 5?
-2321100
Convert 1100425422 (base 6) to base 11.
6724764
What is -3448263 (base 9) in base 4?
-13012302132
-cc64d (base 16) to base 11
-521aa9
-28924 (base 13) to base 12
-38161
What is -82ddd (base 16) in base 2?
-10000010110111011101
Convert 5532221 (base 6) to base 8.
1034125
What is 565a3 (base 14) in base 12?
a1403
Convert -130313033330 (base 4) to base 14.
-100d5a4
What is 2203423222 (base 5) in base 16?
487512
What is 2902a (base 12) in base 10?
57058
What is 1325d3 (base 14) in base 13?
1a1391
What is 307605 (base 16) in base 13?
872772
Convert -2008c34 (base 14) to base 6.
-1255142354
79679 (base 13) to base 15
4565e
What is 14541626 (base 8) in base 16?
32c396
Convert -103204231 (base 6) to base 2.
-111000000010000111011
11122401 (base 5) to base 15
1e2a1
What is 138751 (base 9) in base 11?
58aa4
Convert -100000100001110000 (base 2) to base 16.
-20870
What is -210a55 (base 11) in base 4?
-1102201131
328a74 (base 12) to base 10
803320
15378 (base 16) to base 2
10101001101111000
-2342337 (base 10) to base 8
-10736701
-2645153 (base 7) to base 6
-11241002
-3354736 (base 9) to base 16
-1b95af
35651365 (base 7) to base 13
870b9b
-10000011100100010011111 (base 2) to base 12
-153aaa7
Convert 425131 (base 10) to base 12.
186037
-1a15347 (base 11) to base 7
-40634363
Convert 1001102122000020 (base 3) to base 12.
5087950
Convert -209a9f (base 16) to base 4.
-20021222133
1567474 (base 8) to base 15
8e9c5
201153061 (base 7) to base 2
101100100010110111001111
Convert -3385671 (base 9) to base 8.
-6762471
Convert -13120014 (base 5) to base 9.
-216430
-29992 (base 10) to base 11
-20596
Convert 5476146 (base 9) to base 11.
1730815
Convert -22202010102101 (base 3) to base 10.
-4647682
What is -1111010011 (base 2) in base 